aluate (-10 - (-2 + -2 + -6)) + -13.
-13
Calculate -14 + (14 + -17 - 12) - (2 + -8).
-23
What is the value of -49 + 19 + 7 + 1?
-22
5 - ((0 + 7 - 24) + 3)
19
Calculate -3 + 19 + 8 + -29 + 11 + 22.
28
(-4 - (11 - 22) - 36) + (1 - -6)
-22
What is 0 - 14 - (-229 - -217)?
-2
What is -12 + 24 - (19 - (-9 - -13))?
-3
Evaluate -4 - -10 - (12 + (4 - 8)).
-2
What is -5 - (0 + (5 - 1 - (-4 + 3)))?
-10
What is (-1 - -15 - (-75 - -83)) + 25 + -12?
19
What is the value of -8 + 17 + 7 - 31?
-15
What is the value of 0 - (-4 - (-5 - -4)) - (4 + -16)?
15
Calculate (-6 - 3) + 18 + -7 - -5.
7
What is (-14 - -35) + 11 - 11?
21
Calculate (-6 - -2 - (-4 - 10)) + -15 - -7.
2
What is the value of 16 + 10 + 10 - 10?
26
What is -12 + 1 + 8 - 15?
-18
Calculate 55 + -25 + (-67 - -11).
-26
13 - (-6 - (12 - 15 - (-2 - 1)))
19
What is (-14 - (5 + -8 + -1)) + 7?
-3
What is the value of -10 + 2 - (125 + -117 + (-26 - -1))?
9
What is the value of -42 - (9 + (4 - 12) + 0 - 12)?
-31
Calculate -7 + (-4 - (-1 + 2)) + 4.
-8
What is the value of -3 + (2 - 3 - -2 - -5) - 0?
3
What is the value of (41 - (23 + -2)) + -37?
-17
What is the value of 9 - (29 - 6 - -6)?
-20
What is the value of -33 + (-27 - (-29 + -24))?
-7
-47 + 76 + -36 - -41
34
What is 4 - (-5 + 24) - -14?
-1
Evaluate (2 - -2) + 9 + -15 + 5 - -12.
15
Evaluate (10 - 2) + 38 + -41 + -7.
-2
Evaluate -1 + -5 - (3 - (5 + (-8 - -9))).
-3
Evaluate (0 - -11) + -13 + 3 - -14.
15
Evaluate -4 - (-109 + 100 - ((1 - 0) + -5)).
1
Evaluate 1 + 0 - (44 + -44) - -11.
12
Calculate (10 - (5 - (8 - 8))) + 6 + 8.
19
What is the value of (1 - -1 - 9 - (-26 - -32)) + -7?
-20
What is the value of 11 - (10 + 0) - -2?
3
What is the value of 0 - (5 - (-8 - (15 + (3 - 9))))?
-22
What is (-12 - -32) + -24 - 4?
-8
72 + -78 - (11 - 0)
-17
What is the value of (-5 - -1) + -5 - (58 + -52)?
-15
Calculate (0 - -3) + (35 - 37).
1
(-16 - -2) + -296 + 320
10
What is the value of -8 + (-34 + 4 - -18)?
-20
Calculate 20 - (0 + 23) - -4.
1
-2 + 2 + 0 + -10 + 10 + 8
8
What is 7 - ((-13 - -11) + -2)?
11
Evaluate -12 - ((1 - 12 - 47) + 7).
39
5 + (0 - 0 - -1) + (-639 - -634)
1
(2 + 4 - 0) + (-6 - 28) - -8
-20
What is -26 + -20 - ((12 - 26) + 6)?
-38
What is the value of (1 - (1 - -1)) + (2 - (4 - 2))?
-1
Evaluate -120 + 107 + -2 + -1.
-16
(16 + -1 - 1) + -22 - -5
-3
What is the value of 9 + (-10 - -7) - (2 - -1)?
3
Evaluate -4 + (20 - (-13 - (-3 + -22))).
4
What is the value of 57 + 4 + -34 + -6 + -3?
18
Evaluate 0 + 9 - (644 + -645) - (-5 + 2).
13
What is the value of -2 - (3 + 16) - (2 + -12) - 4?
-15
What is -474 + 463 + (-1 - -21)?
9
Calculate 9 + (7 + -8 - 7) - -1.
2
Evaluate (8 - (0 + 2 + -1 + 12)) + -10.
-15
What is 7 + (-37 - -6 - -7 - -5) + 1?
-11
What is 3 - (2 + 0) - (364 - 366)?
3
Evaluate -3 - (33 + (-4 - -1) + -168 + 168).
-33
8 + 7 - 1 - 4
10
What is 11 + (0 - (-5 + 6))?
10
What is the value of (-1 - (4 + -5)) + 1 + -6?
-5
What is 0 + -21 - (30 + -19) - -14?
-18
-37 + (19 - -14) + (-1 - (23 + 2))
-30
Calculate (36 - 15) + -25 - (3 - -14 - 0).
-21
What is the value of -99 - -75 - (-9 + -3)?
-12
What is 1 + 6 - 2 - (-14 - -1 - -7)?
11
Calculate (2 - -4 - -1) + (-5 - -18).
20
Evaluate 1 - (0 + -2 + 2) - (1802 - 1763).
-38
Calculate (-16 - -11 - 10) + 36.
21
9 + (-2 - 9) - (-4 - -4)
-2
What is -9 - (-1 - -3) - (-9 - (5 + -13))?
-10
What is (-10 - -3) + 7 - -11?
11
Evaluate -10 + 13 + 1 + 15 + -23.
-4
Evaluate -5 - ((-9 - 2) + -4).
10
Evaluate -17 - -15 - (14 + -36).
20
-38 - -48 - (40 + 3 + 5 + -10)
-28
Evaluate -5 - (5 - 8 - 1 - 7).
6
What is (-35 - -32) + 0 + -4 + 2 + -4?
-9
What is the value of -3 - (-3 + (-1 - -3) + -3 + 3)?
-2
(-9 - 2) + (6 - -5) + -13
-13
Evaluate (4 + 4 - -2) + -2 + (-5 - -1).
4
-3 - ((29 - -4) + -8) - (-11 - -1)
-18
Calculate (-10 - 12 - -15) + (-6 - 0).
-13
What is the value of -14 + (-11 + 6 - -25)?
6
-14 + (-3 - (-13 + 8))
-12
Calculate 6 + -1 + (-10 - (7 + -11) - -9).
8
What is -1 + -20 - (3 + -47)?
23
What is (3 - (12 + -14)) + 1 - 8?
-2
(4 - (43 + -4 + -12)) + -7
-30
What is 1 + 6 + (7 - 2 - (4 + 12))?
-4
What is the value of -11 + (-3 - -7) + (-14 - -9)?
-12
Evaluate (1360 - 1361) + (0 - -34).
33
What is (-1 - -9) + (17 - 9)?
16
Calculate -12 - (9 - (11 - (8 - 12))).
-6
Evaluate (14 - (-6 + 2 - -10)) + -8.
0
What is 4 + 1 + (-25 - -28) + -1 + -4?
3
What is the value of (34 - 43) + 9 + -15?
-15
What is 11 + -1 + 104 + -123 + 0?
-9
What is the value of -4 + -1 + 15 + -15 + 23?
18
What is the value of -10 - 0 - (-7 + 17 + (1 - 5))?
-16
What is -116 + 112 + (-13 + 3 - (-1 - 1))?
-12
Calculate 14 + -13 + (-4 - 6).
-9
What is the value of (654 - 652) + (0 - -2)?
4
Evaluate 2 - (-110 + 103 + 9 + -1 + -1).
2
Evaluate -15 + (-1 - -1) - (-2298 + 2293).
-10
Calculate -1 + -5 + (-16 - (11 - (-18 - -31))).
-20
Calculate (5 - -7) + -14 - (-1 + -15).
14
What is -20 - (-8 + -15 + 14)?
-11
Evaluate -2 + -4 - (10 + (-10 - -2)).
-8
What is (-4 - -20) + 165 + -182?
-1
What is the value of -11 + (-6 - (-26 + 2 + 0)) + -13?
-6
What is the value of 4 + (-9 - (-1 + (-9 - -7)))?
-2
What is the value of (1 - -7) + -2 + (-13 - -6) + -8?
-9
What is (50 - 29) + -31 + (-3 - (1 - -2))?
-16
What is -8 + (-7 - (-15 - -6))?
-6
What is -32 + 18 + (-36 - -19 - 0)?
-31
48 - (8 + 3 + 17)
20
What is 25 - 7 - ((36 - 25) + (-1 - 4))?
12
-1539 - -1558 - (1 + (-3 - 0))
21
Calculate 10 + (16 - ((-3 - -8) + 0)).
21
What is (5 - -4 - 4) + -8?
-3
Evaluate 46 - (10 + 31) - -14.
19
What is -54 + (63 - 22) + 32?
19
Calculate -10 - (-20 + -7 + 60 + -11).
-32
Evaluate (6 - 14) + -2 + 25.
15
-8 - -61 - 21 - 24
8
Evaluate -1 - ((6 - 0) + (5 - 10) + 21).
-23
What is -36 + -8 + 27 + 12?
-5
-2 + 2 - (-10 + 5)
5
Calculate -12 - -4 - (-5 + 4 + -6 + 5).
-6
What is -16 + 22 + (-9 - -10)?
7
What is -14 - ((10 - 7) + -10 + 2)?
-9
Calculate -68 + 69 + -1 + 5 + 1 - -4.
10
Evaluate -34 + (1 - 1 - (240 - 237)).
-37
(1 - 7) + 21 + -26 - (-18 - 1)
8
What is the value of 6 + -8 + -4 - -12 - 16?
-10
Evaluate (-8 - (4 + -18)) + -11 + (0 - 1).
-6
-22 - (-5 - -6 - 9)
-14
Evaluate (-20 - -3) + (18 - (-3 + 13)) + 8.
-1
What is 3 - (-5 + (1 - -10))?
-3
(7 - (10 - 4 - 2)) + 8
11
1 + -15 + (-89 - -116)
13
What is the value of -15 + -16 + (28 - 9)?
-12
(-14 + (-11 - -6) - -6) + 0
-13
Evaluate -14 + 24 - ((-3 - -1) + 8).
4
Evaluate -25 + 35 + -34 - -11.
-13
-1 - (-11 + 0 + -4 + 7 + 2)
5
What is the value of (-1 + (1 - 6) - (8 + -11)) + 17?
14
What is (-26 - -47) + -19 + (13 - -1)?
16
What is the value of -11 + (4 - (-29 + 36))?
-14
Calculate (0 - -25) + (-15 - (-12 - (-12 + 12))).
22
Calculate 4 - (2 - (2 + 2)) - (-5 + 5).
6
(4 - ((-7 - -2) + 9)) + -7
-7
What is the value of (-65 - -48) + (27 - 0)?
10
What is 1 + -5 - (-1 - (-4 - -9 - 14))?
-12
What is the value of (-1 - (5 + -7 + -8)) + 11?
20
What is the value of -8 - (-10 + 21 + -8)?
-11
Calculate -5 - (-2 - (17 + -8)) - 1.
5
-25 + (-8 - -27 - -3)
-3
Evaluate -3 + 0 + 0 - (-8 + (-4 - -14)).
-5
23 - 2 - 18 - 10
-7
Calculate (12 - 14) + 16 + -25.
-11
151 - 141 - (-1 - -14)
-3
What is the value of -15 + -15 + 29 - 4?
-5
What is the value of -8 - (-1 + 12 + 13 + 2 + -20)?
-14
Evaluate -8 + 2 - 1 - (1055 + -1048).
-14
What is -11 + (27 - (-1 + -9))?
26
Evaluate 70 + (-43 - -2) + -6.
23
Calculate 0 - -21 - (-90 - -110).
1
What is the value of -6 + 24 + -27 + 6 + 9?
6
What is 10 + 3 + -11 + -4 - 1?
-3
Evaluate (-1 - -2) + (-8 - (-22 + (-4 - -13))).
6
Evaluate 5 + ((-5 - -6) + 0 - 0).
6
(0 - (4 - 28)) + -2 + -5
17
Evaluate (-8 - 4) + 24 - 16.
-4
(-7 - -7 - -5) + (1 - (-2 - -4))
4
Calculate -32 + 1 - (1176 - 1198).
-9
What is the value of -9 + 13 - 4 - (-3 + 5)?
-2
What is the value of 39 + -49 - (1 - 11)?
0
Calculate 8 - -14 - (14 + (-12 - -7)).
13
What is (0 - -1 - -5) + (-2 - -7 - 3)?
8
What is the value of -3 + 10 - (25 - 5)?
-13
Calculate 12 + 3 - 1 - (-11 - (-3 + 2)).
24
What is the value of -19 - (-4 - (11 + -3))?
-7
What is (25 - 11) + 1 + (-1 - -3) - 8?
9
What is 29 + 41 + (-129 - -38)?
-21
2 + -4 + -17 + 493 + -491
-17
Evaluate (-292 - -298) + (1 - (-3 + 0)) - 4.
6
What is the value of 14 + -25 - -12 - ((-2 - -4) + 17)?
-18
What is 1108 - 1115 - (1 + -2 + -3)?
-3
(-1 - -1) + 4 + -3 + 19
20
Evaluate -9 + 1 - -9 - (-6 + 5).
2
Calculate -14 - -7 - -10 - 5.
-2
5 + (0 - -8) + 14 + -19
8
What is 653 - 647 - (15 + 1)?
-10
Evaluate -13 - ((-8 - 16) + 